{"id":387,"date":"2025-04-09T19:37:22","date_gmt":"2025-04-09T17:37:22","guid":{"rendered":"https:\/\/digitalencaux.com\/?page_id=387"},"modified":"2025-10-30T07:38:10","modified_gmt":"2025-10-30T06:38:10","slug":"lagence","status":"publish","type":"page","link":"https:\/\/digitalencaux.com\/index.php\/lagence\/","title":{"rendered":"L&#8217;agence"},"content":{"rendered":"[vc_row type=&#8221;full_width_content&#8221; full_screen_row_position=&#8221;middle&#8221; column_margin=&#8221;default&#8221; column_direction=&#8221;default&#8221; column_direction_tablet=&#8221;default&#8221; column_direction_phone=&#8221;default&#8221; scene_position=&#8221;center&#8221; constrain_group_1=&#8221;yes&#8221; left_padding_desktop=&#8221;6%&#8221; constrain_group_2=&#8221;yes&#8221; right_padding_desktop=&#8221;6%&#8221; top_padding_tablet=&#8221;10%&#8221; constrain_group_3=&#8221;yes&#8221; bottom_padding_tablet=&#8221;10%&#8221; text_color=&#8221;dark&#8221; text_align=&#8221;left&#8221; row_border_radius=&#8221;none&#8221; row_border_radius_applies=&#8221;bg&#8221; overflow=&#8221;visible&#8221; id=&#8221;about&#8221; advanced_gradient_angle=&#8221;0&#8243; overlay_strength=&#8221;0.3&#8243; gradient_direction=&#8221;left_to_right&#8221; shape_divider_position=&#8221;bottom&#8221; bg_image_animation=&#8221;none&#8221; gradient_type=&#8221;default&#8221; shape_type=&#8221;&#8221;][vc_column column_padding=&#8221;no-extra-padding&#8221; column_padding_tablet=&#8221;inherit&#8221; column_padding_phone=&#8221;inherit&#8221; column_padding_position=&#8221;all&#8221; column_element_direction_desktop=&#8221;default&#8221; column_element_spacing=&#8221;default&#8221; desktop_text_alignment=&#8221;default&#8221; tablet_text_alignment=&#8221;default&#8221; phone_text_alignment=&#8221;default&#8221; background_color_opacity=&#8221;1&#8243; background_hover_color_opacity=&#8221;1&#8243; column_backdrop_filter=&#8221;none&#8221; column_shadow=&#8221;none&#8221; column_border_radius=&#8221;none&#8221; column_link_target=&#8221;_self&#8221; column_position=&#8221;default&#8221; gradient_direction=&#8221;left_to_right&#8221; overlay_strength=&#8221;0.3&#8243; width=&#8221;1\/1&#8243; tablet_width_inherit=&#8221;default&#8221; animation_type=&#8221;default&#8221; bg_image_animation=&#8221;none&#8221; border_type=&#8221;simple&#8221; column_border_width=&#8221;none&#8221; column_border_style=&#8221;solid&#8221;][vc_row_inner equal_height=&#8221;yes&#8221; content_placement=&#8221;middle&#8221; column_margin=&#8221;default&#8221; column_direction=&#8221;default&#8221; column_direction_tablet=&#8221;default&#8221; column_direction_phone=&#8221;default&#8221; text_align=&#8221;left&#8221; row_position=&#8221;default&#8221; row_position_tablet=&#8221;inherit&#8221; row_position_phone=&#8221;inherit&#8221; overflow=&#8221;visible&#8221; pointer_events=&#8221;all&#8221;][vc_column_inner column_padding=&#8221;no-extra-padding&#8221; column_padding_tablet=&#8221;inherit&#8221; column_padding_phone=&#8221;inherit&#8221; column_padding_position=&#8221;all&#8221; bottom_margin_tablet=&#8221;40&#8243; column_element_direction_desktop=&#8221;default&#8221; column_element_spacing=&#8221;default&#8221; desktop_text_alignment=&#8221;default&#8221; tablet_text_alignment=&#8221;default&#8221; phone_text_alignment=&#8221;default&#8221; background_color_opacity=&#8221;1&#8243; background_hover_color_opacity=&#8221;1&#8243; background_image=&#8221;734&#8243; background_image_position=&#8221;center center&#8221; background_image_stacking=&#8221;default&#8221; background_image_loading=&#8221;lazy-load&#8221; column_backdrop_filter=&#8221;none&#8221; column_shadow=&#8221;none&#8221; column_border_radius=&#8221;none&#8221; column_link_target=&#8221;_self&#8221; overflow=&#8221;visible&#8221; advanced_gradient_angle=&#8221;0&#8243; gradient_direction=&#8221;left_to_right&#8221; overlay_strength=&#8221;0.3&#8243; width=&#8221;1\/2&#8243; tablet_width_inherit=&#8221;default&#8221; animation_type=&#8221;default&#8221; bg_image_animation=&#8221;none&#8221; parallax_bg=&#8221;true&#8221; parallax_bg_speed=&#8221;very_subtle&#8221; border_type=&#8221;simple&#8221; column_border_width=&#8221;none&#8221; column_border_style=&#8221;solid&#8221; gradient_type=&#8221;default&#8221; column_padding_type=&#8221;default&#8221;][divider line_type=&#8221;No Line&#8221; custom_height_tablet=&#8221;75vh&#8221;][\/vc_column_inner][vc_column_inner column_padding=&#8221;padding-6-percent&#8221; column_padding_tablet=&#8221;no-extra-padding&#8221; column_padding_phone=&#8221;no-extra-padding&#8221; column_padding_position=&#8221;left&#8221; column_element_direction_desktop=&#8221;default&#8221; column_element_spacing=&#8221;default&#8221; desktop_text_alignment=&#8221;default&#8221; tablet_text_alignment=&#8221;default&#8221; phone_text_alignment=&#8221;default&#8221; background_color_opacity=&#8221;1&#8243; background_hover_color_opacity=&#8221;1&#8243; column_backdrop_filter=&#8221;none&#8221; column_shadow=&#8221;none&#8221; column_border_radius=&#8221;none&#8221; column_link_target=&#8221;_self&#8221; overflow=&#8221;visible&#8221; advanced_gradient_angle=&#8221;0&#8243; gradient_direction=&#8221;left_to_right&#8221; overlay_strength=&#8221;0.3&#8243; width=&#8221;1\/2&#8243; tablet_width_inherit=&#8221;default&#8221; animation_type=&#8221;parallax&#8221; animation_movement_type=&#8221;default&#8221; column_parallax_intensity=&#8221;1&#8243; bg_image_animation=&#8221;none&#8221; border_type=&#8221;simple&#8221; column_border_width=&#8221;none&#8221; column_border_style=&#8221;solid&#8221; gradient_type=&#8221;default&#8221;][divider line_type=&#8221;No Line&#8221; custom_height=&#8221;30vh&#8221; custom_height_tablet=&#8221;0&#8243;][split_line_heading animation_type=&#8221;line-reveal-by-space&#8221; font_style=&#8221;h2&#8243; line_reveal_by_space_text_effect=&#8221;default&#8221; stagger_animation=&#8221;true&#8221; content_alignment=&#8221;default&#8221; mobile_content_alignment=&#8221;inherit&#8221; link_target=&#8221;_self&#8221; text_content=&#8221;Je mets mon expertise au service de votre visibilit\u00e9 en ligne.&#8221; font_size=&#8221;3vw&#8221; text_direction=&#8221;default&#8221;][\/split_line_heading][split_line_heading animation_type=&#8221;line-reveal-by-space&#8221; font_style=&#8221;p&#8221; line_reveal_by_space_text_effect=&#8221;none&#8221; content_alignment=&#8221;default&#8221; mobile_content_alignment=&#8221;inherit&#8221; link_target=&#8221;_self&#8221; text_content=&#8221;Chez Digital en Caux, je mets mon expertise \u00e0 votre service pour vous accompagner dans vos projets digitaux. Situ\u00e9 en Normandie, je privil\u00e9gie les relations directes et personnalis\u00e9es pour \u00eatre totalement impliqu\u00e9 dans chaque \u00e9tape de votre projet. Pas d\u2019interm\u00e9diaires ni de plateformes lointaines : je suis disponible et \u00e0 l&#8217;\u00e9coute pour vous offrir une exp\u00e9rience proche et r\u00e9active.&#8221; font_size=&#8221;1.1vw&#8221; font_line_height=&#8221;1.7&#8243; font_size_tablet=&#8221;18&#8243; font_size_phone=&#8221;16&#8243; text_direction=&#8221;default&#8221;][\/split_line_heading][split_line_heading animation_type=&#8221;line-reveal-by-space&#8221; font_style=&#8221;p&#8221; line_reveal_by_space_text_effect=&#8221;none&#8221; content_alignment=&#8221;default&#8221; mobile_content_alignment=&#8221;inherit&#8221; link_target=&#8221;_self&#8221; text_content=&#8221;Notre proximit\u00e9, un v\u00e9ritable atout<br \/>\nBas\u00e9 en Seine-Maritime, entre Le Havre et F\u00e9camp, je travaille en \u00e9troite collaboration avec mes clients, sans perte de temps en appels t\u00e9l\u00e9phoniques ou \u00e9changes interminables. Ma r\u00e9activit\u00e9 et ma disponibilit\u00e9 font la diff\u00e9rence pour mener \u00e0 bien vos projets.&#8221; font_size=&#8221;1.1vw&#8221; font_line_height=&#8221;1.7&#8243; font_size_tablet=&#8221;18&#8243; font_size_phone=&#8221;16&#8243; text_direction=&#8221;default&#8221;][\/split_line_heading][split_line_heading animation_type=&#8221;line-reveal-by-space&#8221; font_style=&#8221;p&#8221; line_reveal_by_space_text_effect=&#8221;none&#8221; content_alignment=&#8221;default&#8221; mobile_content_alignment=&#8221;inherit&#8221; link_target=&#8221;_self&#8221; text_content=&#8221;Ma d\u00e9marche<br \/>\nMon objectif est de vous aider \u00e0 ma\u00eetriser vos actions de communication et \u00e0 d\u00e9velopper une image de marque forte et coh\u00e9rente. Gr\u00e2ce \u00e0 une cr\u00e9ation graphique de qualit\u00e9 et un marketing adapt\u00e9, je vous aide \u00e0 atteindre votre cible, g\u00e9n\u00e9rer des ventes et fid\u00e9liser vos clients. L&#8217;\u00e9coute et l&#8217;adaptabilit\u00e9 sont les cl\u00e9s de ma d\u00e9marche, car chaque projet est unique et m\u00e9rite une approche personnalis\u00e9e.&#8221; font_size=&#8221;1.1vw&#8221; font_line_height=&#8221;1.7&#8243; font_size_tablet=&#8221;18&#8243; font_size_phone=&#8221;16&#8243; text_direction=&#8221;default&#8221;][\/split_line_heading][nectar_cta btn_style=&#8221;arrow-animation&#8221; heading_tag=&#8221;h6&#8243; button_color=&#8221;accent-color&#8221; text_color=&#8221;#ffffff&#8221; button_border_color=&#8221;#cccccc&#8221; button_border_color_hover=&#8221;#0a0a0a&#8221; button_border_thickness=&#8221;1px&#8221; link_type=&#8221;regular&#8221; alignment=&#8221;left&#8221; alignment_tablet=&#8221;default&#8221; alignment_phone=&#8221;default&#8221; constrain_group_3=&#8221;yes&#8221; constrain_group_4=&#8221;yes&#8221; display=&#8221;block&#8221; display_tablet=&#8221;inherit&#8221; display_phone=&#8221;inherit&#8221; link_text=&#8221;R\u00e9server mon RDV conseil de 30min&#8221; margin_top=&#8221;50&#8243; padding_top=&#8221;15&#8243; padding_bottom=&#8221;15&#8243; padding_left=&#8221;40&#8243; padding_right=&#8221;40&#8243; url=&#8221;https:\/\/digitalencaux.com\/index.php\/contact\/&#8221;][divider line_type=&#8221;No Line&#8221; custom_height=&#8221;30vh&#8221; custom_height_tablet=&#8221;0&#8243; custom_height_phone=&#8221;0&#8243;][\/vc_column_inner][\/vc_row_inner][\/vc_column][\/vc_row]\n","protected":false},"excerpt":{"rendered":"<p>[vc_row type=&#8221;full_width_content&#8221; full_screen_row_position=&#8221;middle&#8221; column_margin=&#8221;default&#8221; column_direction=&#8221;default&#8221; column_direction_tablet=&#8221;default&#8221; column_direction_phone=&#8221;default&#8221; scene_position=&#8221;center&#8221; constrain_group_1=&#8221;yes&#8221; left_padding_desktop=&#8221;6%&#8221; constrain_group_2=&#8221;yes&#8221; right_padding_desktop=&#8221;6%&#8221; top_padding_tablet=&#8221;10%&#8221; constrain_group_3=&#8221;yes&#8221; bottom_padding_tablet=&#8221;10%&#8221; text_color=&#8221;dark&#8221; text_align=&#8221;left&#8221; row_border_radius=&#8221;none&#8221; row_border_radius_applies=&#8221;bg&#8221; overflow=&#8221;visible&#8221; id=&#8221;about&#8221; advanced_gradient_angle=&#8221;0&#8243; overlay_strength=&#8221;0.3&#8243; gradient_direction=&#8221;left_to_right&#8221; shape_divider_position=&#8221;bottom&#8221; bg_image_animation=&#8221;none&#8221; gradient_type=&#8221;default&#8221; shape_type=&#8221;&#8221;][vc_column column_padding=&#8221;no-extra-padding&#8221; column_padding_tablet=&#8221;inherit&#8221;&#8230;<\/p>\n","protected":false},"author":1,"featured_media":0,"parent":0,"menu_order":0,"comment_status":"closed","ping_status":"closed","template":"","meta":{"footnotes":""},"class_list":["post-387","page","type-page","status-publish"],"yoast_head":"<!-- This site is optimized with the Yoast SEO plugin v26.0 - https:\/\/yoast.com\/wordpress\/plugins\/seo\/ -->\n<title>L\u2019agence | Digital en Caux \u2013 Votre agence web cr\u00e9ation site internet<\/title>\n<meta name=\"description\" content=\"D\u00e9couvrez Digital en Caux, agence web sp\u00e9cialis\u00e9e dans la cr\u00e9ation de site internet, le SEO en Normandie. Proximit\u00e9 accompagnement sur-mesure.\" \/>\n<meta name=\"robots\" content=\"index, follow, max-snippet:-1, max-image-preview:large, max-video-preview:-1\" \/>\n<link rel=\"canonical\" href=\"https:\/\/digitalencaux.com\/index.php\/lagence\/\" \/>\n<meta property=\"og:locale\" content=\"en_US\" \/>\n<meta property=\"og:type\" content=\"article\" \/>\n<meta property=\"og:title\" content=\"L\u2019agence | Digital en Caux \u2013 Votre agence web cr\u00e9ation site internet\" \/>\n<meta property=\"og:description\" content=\"D\u00e9couvrez Digital en Caux, agence web sp\u00e9cialis\u00e9e dans la cr\u00e9ation de site internet, le SEO en Normandie. Proximit\u00e9 accompagnement sur-mesure.\" \/>\n<meta property=\"og:url\" content=\"https:\/\/digitalencaux.com\/index.php\/lagence\/\" \/>\n<meta property=\"og:site_name\" content=\"Digital en Caux\" \/>\n<meta property=\"article:modified_time\" content=\"2025-10-30T06:38:10+00:00\" \/>\n<meta name=\"twitter:card\" content=\"summary_large_image\" \/>\n<meta name=\"twitter:label1\" content=\"Est. reading time\" \/>\n\t<meta name=\"twitter:data1\" content=\"2 minutes\" \/>\n<script type=\"application\/ld+json\" class=\"yoast-schema-graph\">{\"@context\":\"https:\/\/schema.org\",\"@graph\":[{\"@type\":\"WebPage\",\"@id\":\"https:\/\/digitalencaux.com\/index.php\/lagence\/\",\"url\":\"https:\/\/digitalencaux.com\/index.php\/lagence\/\",\"name\":\"L\u2019agence | Digital en Caux \u2013 Votre agence web cr\u00e9ation site internet\",\"isPartOf\":{\"@id\":\"https:\/\/digitalencaux.com\/#website\"},\"datePublished\":\"2025-04-09T17:37:22+00:00\",\"dateModified\":\"2025-10-30T06:38:10+00:00\",\"description\":\"D\u00e9couvrez Digital en Caux, agence web sp\u00e9cialis\u00e9e dans la cr\u00e9ation de site internet, le SEO en Normandie. Proximit\u00e9 accompagnement sur-mesure.\",\"breadcrumb\":{\"@id\":\"https:\/\/digitalencaux.com\/index.php\/lagence\/#breadcrumb\"},\"inLanguage\":\"en-US\",\"potentialAction\":[{\"@type\":\"ReadAction\",\"target\":[\"https:\/\/digitalencaux.com\/index.php\/lagence\/\"]}]},{\"@type\":\"BreadcrumbList\",\"@id\":\"https:\/\/digitalencaux.com\/index.php\/lagence\/#breadcrumb\",\"itemListElement\":[{\"@type\":\"ListItem\",\"position\":1,\"name\":\"Home\",\"item\":\"https:\/\/digitalencaux.com\/\"},{\"@type\":\"ListItem\",\"position\":2,\"name\":\"L&#8217;agence\"}]},{\"@type\":\"WebSite\",\"@id\":\"https:\/\/digitalencaux.com\/#website\",\"url\":\"https:\/\/digitalencaux.com\/\",\"name\":\"Digital en Caux\",\"description\":\"Soyez visible !\",\"potentialAction\":[{\"@type\":\"SearchAction\",\"target\":{\"@type\":\"EntryPoint\",\"urlTemplate\":\"https:\/\/digitalencaux.com\/?s={search_term_string}\"},\"query-input\":{\"@type\":\"PropertyValueSpecification\",\"valueRequired\":true,\"valueName\":\"search_term_string\"}}],\"inLanguage\":\"en-US\"}]}<\/script>\n<!-- \/ Yoast SEO plugin. -->","yoast_head_json":{"title":"L\u2019agence | Digital en Caux \u2013 Votre agence web cr\u00e9ation site internet","description":"D\u00e9couvrez Digital en Caux, agence web sp\u00e9cialis\u00e9e dans la cr\u00e9ation de site internet, le SEO en Normandie. Proximit\u00e9 accompagnement sur-mesure.","robots":{"index":"index","follow":"follow","max-snippet":"max-snippet:-1","max-image-preview":"max-image-preview:large","max-video-preview":"max-video-preview:-1"},"canonical":"https:\/\/digitalencaux.com\/index.php\/lagence\/","og_locale":"en_US","og_type":"article","og_title":"L\u2019agence | Digital en Caux \u2013 Votre agence web cr\u00e9ation site internet","og_description":"D\u00e9couvrez Digital en Caux, agence web sp\u00e9cialis\u00e9e dans la cr\u00e9ation de site internet, le SEO en Normandie. Proximit\u00e9 accompagnement sur-mesure.","og_url":"https:\/\/digitalencaux.com\/index.php\/lagence\/","og_site_name":"Digital en Caux","article_modified_time":"2025-10-30T06:38:10+00:00","twitter_card":"summary_large_image","twitter_misc":{"Est. reading time":"2 minutes"},"schema":{"@context":"https:\/\/schema.org","@graph":[{"@type":"WebPage","@id":"https:\/\/digitalencaux.com\/index.php\/lagence\/","url":"https:\/\/digitalencaux.com\/index.php\/lagence\/","name":"L\u2019agence | Digital en Caux \u2013 Votre agence web cr\u00e9ation site internet","isPartOf":{"@id":"https:\/\/digitalencaux.com\/#website"},"datePublished":"2025-04-09T17:37:22+00:00","dateModified":"2025-10-30T06:38:10+00:00","description":"D\u00e9couvrez Digital en Caux, agence web sp\u00e9cialis\u00e9e dans la cr\u00e9ation de site internet, le SEO en Normandie. Proximit\u00e9 accompagnement sur-mesure.","breadcrumb":{"@id":"https:\/\/digitalencaux.com\/index.php\/lagence\/#breadcrumb"},"inLanguage":"en-US","potentialAction":[{"@type":"ReadAction","target":["https:\/\/digitalencaux.com\/index.php\/lagence\/"]}]},{"@type":"BreadcrumbList","@id":"https:\/\/digitalencaux.com\/index.php\/lagence\/#breadcrumb","itemListElement":[{"@type":"ListItem","position":1,"name":"Home","item":"https:\/\/digitalencaux.com\/"},{"@type":"ListItem","position":2,"name":"L&#8217;agence"}]},{"@type":"WebSite","@id":"https:\/\/digitalencaux.com\/#website","url":"https:\/\/digitalencaux.com\/","name":"Digital en Caux","description":"Soyez visible !","potentialAction":[{"@type":"SearchAction","target":{"@type":"EntryPoint","urlTemplate":"https:\/\/digitalencaux.com\/?s={search_term_string}"},"query-input":{"@type":"PropertyValueSpecification","valueRequired":true,"valueName":"search_term_string"}}],"inLanguage":"en-US"}]}},"_links":{"self":[{"href":"https:\/\/digitalencaux.com\/index.php\/wp-json\/wp\/v2\/pages\/387","targetHints":{"allow":["GET"]}}],"collection":[{"href":"https:\/\/digitalencaux.com\/index.php\/wp-json\/wp\/v2\/pages"}],"about":[{"href":"https:\/\/digitalencaux.com\/index.php\/wp-json\/wp\/v2\/types\/page"}],"author":[{"embeddable":true,"href":"https:\/\/digitalencaux.com\/index.php\/wp-json\/wp\/v2\/users\/1"}],"replies":[{"embeddable":true,"href":"https:\/\/digitalencaux.com\/index.php\/wp-json\/wp\/v2\/comments?post=387"}],"version-history":[{"count":28,"href":"https:\/\/digitalencaux.com\/index.php\/wp-json\/wp\/v2\/pages\/387\/revisions"}],"predecessor-version":[{"id":769,"href":"https:\/\/digitalencaux.com\/index.php\/wp-json\/wp\/v2\/pages\/387\/revisions\/769"}],"wp:attachment":[{"href":"https:\/\/digitalencaux.com\/index.php\/wp-json\/wp\/v2\/media?parent=387"}],"curies":[{"name":"wp","href":"https:\/\/api.w.org\/{rel}","templated":true}]}}